{"id":1225,"date":"2025-08-12T00:07:06","date_gmt":"2025-08-12T00:07:06","guid":{"rendered":"https:\/\/www.fciigp2025.com\/?page_id=1225"},"modified":"2025-08-13T19:03:11","modified_gmt":"2025-08-13T19:03:11","slug":"miguel-velasco","status":"publish","type":"page","link":"https:\/\/www.fciigp2025.com\/?page_id=1225&lang=es","title":{"rendered":"Miguel Velasco"},"content":{"rendered":"\n<p>Miguel Velasco Criado comenz\u00f3 a participar en pruebas deportivas en 1986. Desde entonces, son m\u00e1s de veinte los perros con los que ha alcanzado el grado III.<\/p>\n\n\n\n<p>Durante su carrera deportiva se ha especializado en razas como el Pastor Belga Malinois, el Pastor Alem\u00e1n, y el Rottweiler.<\/p>\n\n\n\n<p>Entre sus logros m\u00e1s importantes se encuentran:<\/p>\n\n\n\n<ul class=\"wp-block-list\">\n<li>Campe\u00f3n del 1er Campeonato Militar de Perros Polic\u00edas, en el Pardo, 1987, con Indio, un Pastor Alem\u00e1n.<\/li>\n\n\n\n<li>Campe\u00f3n del Club Rottweiler Espa\u00f1a, en 1996, con Blitzkrieg.<\/li>\n\n\n\n<li>Subcampe\u00f3n de la XII Copa de Espa\u00f1a, en 2008, con Dixie, una Pastor Belga Malinois.<\/li>\n\n\n\n<li>Participaci\u00f3n en el Campeonato del Mundo de Eslovenia, en 2010.<\/li>\n\n\n\n<li>Ha sido jefe del equipo nacional en Campeonatos del Mundo.<\/li>\n\n\n\n<li>Ejerce como Juez oficial desde 1998, siendo uno de los jueces de la Copa de Espa\u00f1a en m\u00e1s de una decena de ocasiones, habiendo juzgado campeonatos nacionales como el de Portugal, al igual que diversos Campeonatos nacionales de clubes de razas.<\/li>\n\n\n\n<li>Insignia de Oro de la R.S.C.E. en 2010, en reconocimiento a su colaboraci\u00f3n y dedicaci\u00f3n a los fines de la Real Sociedad Canina de Espa\u00f1a.<\/li>\n<\/ul>\n","protected":false},"excerpt":{"rendered":"<p>Miguel Velasco Criado comenz\u00f3 a participar en pruebas deportivas en 1986. Desde entonces, son m\u00e1s de veinte los perros con los que ha alcanzado el grado III. Durante su carrera deportiva se ha especializado en razas como el Pastor Belga Malinois, el Pastor Alem\u00e1n, y el Rottweiler. Entre sus logros m\u00e1s importantes se encuentran:<\/p>\n","protected":false},"author":1,"featured_media":1226,"parent":0,"menu_order":0,"comment_status":"closed","ping_status":"closed","template":"","meta":{"footnotes":""},"class_list":["post-1225","page","type-page","status-publish","hentry"],"_links":{"self":[{"href":"https:\/\/www.fciigp2025.com\/index.php?rest_route=\/wp\/v2\/pages\/1225","targetHints":{"allow":["GET"]}}],"collection":[{"href":"https:\/\/www.fciigp2025.com\/index.php?rest_route=\/wp\/v2\/pages"}],"about":[{"href":"https:\/\/www.fciigp2025.com\/index.php?rest_route=\/wp\/v2\/types\/page"}],"author":[{"embeddable":true,"href":"https:\/\/www.fciigp2025.com\/index.php?rest_route=\/wp\/v2\/users\/1"}],"replies":[{"embeddable":true,"href":"https:\/\/www.fciigp2025.com\/index.php?rest_route=%2Fwp%2Fv2%2Fcomments&post=1225"}],"version-history":[{"count":1,"href":"https:\/\/www.fciigp2025.com\/index.php?rest_route=\/wp\/v2\/pages\/1225\/revisions"}],"predecessor-version":[{"id":1228,"href":"https:\/\/www.fciigp2025.com\/index.php?rest_route=\/wp\/v2\/pages\/1225\/revisions\/1228"}],"wp:featuredmedia":[{"embeddable":true,"href":"https:\/\/www.fciigp2025.com\/index.php?rest_route=\/wp\/v2\/media\/1226"}],"wp:attachment":[{"href":"https:\/\/www.fciigp2025.com\/index.php?rest_route=%2Fwp%2Fv2%2Fmedia&parent=1225"}],"curies":[{"name":"wp","href":"https:\/\/api.w.org\/{rel}","templated":true}]}}