{"id":427,"date":"2024-12-01T15:53:14","date_gmt":"2024-12-01T15:53:14","guid":{"rendered":"https:\/\/www.fciigp2025.com\/?page_id=427"},"modified":"2025-08-13T19:05:30","modified_gmt":"2025-08-13T19:05:30","slug":"epaileak","status":"publish","type":"page","link":"https:\/\/www.fciigp2025.com\/?page_id=427&lang=eu","title":{"rendered":"Epaileak"},"content":{"rendered":"\n<p class=\"has-text-align-center has-vivid-cyan-blue-color has-text-color has-link-color has-medium-font-size wp-elements-23d30f49863a5a06acc059c374cf2793\"><a href=\"https:\/\/www.fciigp2025.com\/?page_id=620&amp;lang=eu\" data-type=\"page\" data-id=\"620\">B\/C gainbegiralea &#8211; Mr. Robert Markschl\u00e4ger (Austria)<\/a> <a href=\"https:\/\/www.fciigp2025.com\/?page_id=620&amp;lang=eu\" data-type=\"page\" data-id=\"620\"><img loading=\"lazy\" decoding=\"async\" width=\"25\" height=\"25\" class=\"wp-image-575\" style=\"width: 25px;\" src=\"https:\/\/www.fciigp2025.com\/wp-content\/uploads\/2024\/12\/image-2.png\" alt=\"\"><\/a><\/p>\n\n\n\n<p class=\"has-text-align-center has-vivid-cyan-blue-color has-text-color has-link-color has-medium-font-size wp-elements-f87a504f49dafa988df0d79d5b77e2ba\"><a href=\"https:\/\/www.fciigp2025.com\/?page_id=616&amp;lang=eu\" data-type=\"page\" data-id=\"616\">Arrasto gainbegiralea &#8211; Nenad Milojevi\u0107 (Serbia)<\/a> <a href=\"https:\/\/www.fciigp2025.com\/?page_id=616&amp;lang=eu\" data-type=\"page\" data-id=\"616\"><img loading=\"lazy\" decoding=\"async\" width=\"25\" height=\"25\" class=\"wp-image-575\" style=\"width: 25px;\" src=\"https:\/\/www.fciigp2025.com\/wp-content\/uploads\/2024\/12\/image-2.png\" alt=\"\"><\/a><\/p>\n\n\n\n<div style=\"height:37px\" aria-hidden=\"true\" class=\"wp-block-spacer\"><\/div>\n\n\n\n<p class=\"has-text-align-center has-vivid-cyan-blue-color has-text-color has-link-color has-medium-font-size wp-elements-8929eea2ac24a62d63e61375dc58bd31\"><a href=\"https:\/\/www.fciigp2025.com\/?page_id=611&amp;lang=eu\" data-type=\"page\" data-id=\"611\">A &#8211; Roar Kj\u00f8nstad (Norway)<\/a> <a href=\"https:\/\/www.fciigp2025.com\/?page_id=611&amp;lang=eu\" data-type=\"page\" data-id=\"611\"><img loading=\"lazy\" decoding=\"async\" width=\"25\" height=\"25\" class=\"wp-image-575\" style=\"width: 25px;\" src=\"https:\/\/www.fciigp2025.com\/wp-content\/uploads\/2024\/12\/image-2.png\" alt=\"\"><\/a><\/p>\n\n\n\n<p class=\"has-text-align-center has-vivid-cyan-blue-color has-text-color has-link-color has-medium-font-size wp-elements-a8cf1369fb3f2d5e963feb005939243e\"><a href=\"https:\/\/www.fciigp2025.com\/?page_id=593&amp;lang=eu\" data-type=\"page\" data-id=\"593\">B &#8211; Clemente Grosso (Italy)<\/a> <a href=\"https:\/\/www.fciigp2025.com\/?page_id=593&amp;lang=eu\" data-type=\"page\" data-id=\"593\"><img loading=\"lazy\" decoding=\"async\" width=\"25\" height=\"25\" class=\"wp-image-575\" style=\"width: 25px;\" src=\"https:\/\/www.fciigp2025.com\/wp-content\/uploads\/2024\/12\/image-2.png\" alt=\"\"><\/a><\/p>\n\n\n\n<p class=\"has-text-align-center has-vivid-cyan-blue-color has-text-color has-link-color has-medium-font-size wp-elements-dcc50c8bb9791608f4c52a4cde579ae4\"><a href=\"https:\/\/www.fciigp2025.com\/?page_id=1250&amp;lang=eu\" data-type=\"page\" data-id=\"1250\">B: Etzanda distrakziopean &#8211; Miguel Velasco (Spain)<\/a> <a href=\"https:\/\/www.fciigp2025.com\/?page_id=1250&amp;lang=eu\" data-type=\"page\" data-id=\"1250\"><img loading=\"lazy\" decoding=\"async\" width=\"25\" height=\"25\" class=\"wp-image-575\" style=\"width: 25px;\" src=\"https:\/\/www.fciigp2025.com\/wp-content\/uploads\/2024\/12\/image-2.png\" alt=\"\"><\/a><\/p>\n\n\n\n<p class=\"has-text-align-center has-vivid-cyan-blue-color has-text-color has-link-color has-medium-font-size wp-elements-b62ab9556ee0e1c84f81e95c463238de\"><a href=\"https:\/\/www.fciigp2025.com\/?page_id=649&amp;lang=eu\" data-type=\"page\" data-id=\"649\">C &#8211; Hari Ar\u010don (Slovenia)<\/a> <a href=\"https:\/\/www.fciigp2025.com\/?page_id=649&amp;lang=eu\" data-type=\"page\" data-id=\"649\"><img loading=\"lazy\" decoding=\"async\" width=\"25\" height=\"25\" class=\"wp-image-575\" style=\"width: 25px;\" src=\"https:\/\/www.fciigp2025.com\/wp-content\/uploads\/2024\/12\/image-2.png\" alt=\"\"><\/a><\/p>\n\n\n\n<div style=\"height:45px\" aria-hidden=\"true\" class=\"wp-block-spacer\"><\/div>\n","protected":false},"excerpt":{"rendered":"<p>B\/C gainbegiralea &#8211; Mr. Robert Markschl\u00e4ger (Austria) Arrasto gainbegiralea &#8211; Nenad Milojevi\u0107 (Serbia) A &#8211; Roar Kj\u00f8nstad (Norway) B &#8211; Clemente Grosso (Italy) B: Etzanda distrakziopean &#8211; Miguel Velasco (Spain) C &#8211; Hari Ar\u010don (Slovenia)<\/p>\n","protected":false},"author":1,"featured_media":317,"parent":0,"menu_order":0,"comment_status":"closed","ping_status":"closed","template":"","meta":{"footnotes":""},"class_list":["post-427","page","type-page","status-publish","hentry"],"_links":{"self":[{"href":"https:\/\/www.fciigp2025.com\/index.php?rest_route=\/wp\/v2\/pages\/427","targetHints":{"allow":["GET"]}}],"collection":[{"href":"https:\/\/www.fciigp2025.com\/index.php?rest_route=\/wp\/v2\/pages"}],"about":[{"href":"https:\/\/www.fciigp2025.com\/index.php?rest_route=\/wp\/v2\/types\/page"}],"author":[{"embeddable":true,"href":"https:\/\/www.fciigp2025.com\/index.php?rest_route=\/wp\/v2\/users\/1"}],"replies":[{"embeddable":true,"href":"https:\/\/www.fciigp2025.com\/index.php?rest_route=%2Fwp%2Fv2%2Fcomments&post=427"}],"version-history":[{"count":21,"href":"https:\/\/www.fciigp2025.com\/index.php?rest_route=\/wp\/v2\/pages\/427\/revisions"}],"predecessor-version":[{"id":1253,"href":"https:\/\/www.fciigp2025.com\/index.php?rest_route=\/wp\/v2\/pages\/427\/revisions\/1253"}],"wp:featuredmedia":[{"embeddable":true,"href":"https:\/\/www.fciigp2025.com\/index.php?rest_route=\/wp\/v2\/media\/317"}],"wp:attachment":[{"href":"https:\/\/www.fciigp2025.com\/index.php?rest_route=%2Fwp%2Fv2%2Fmedia&parent=427"}],"curies":[{"name":"wp","href":"https:\/\/api.w.org\/{rel}","templated":true}]}}